{"id":10,"date":"2012-04-09T13:42:01","date_gmt":"2012-04-09T13:42:01","guid":{"rendered":"http:\/\/Server2003:8080\/Lisas_Welt\/Wordpress_01\/?page_id=10"},"modified":"2015-12-30T17:51:11","modified_gmt":"2015-12-30T17:51:11","slug":"veranstaltungen","status":"publish","type":"page","link":"https:\/\/lisas-welt.net\/?page_id=10","title":{"rendered":"Veranstaltungen"},"content":{"rendered":"<p>In unserem hauseigenen Saal bieten wir Ihnen mit bis zu 100 Pl\u00e4tzen ideale Bedingungen f\u00fcr Feierlichkeiten und Veranstaltungen aller Art.<\/p>\n<p>Ob Familienfest, Firmenjubil\u00e4um, Vereinstreffen, Schulungen oder was auch sonst:<\/p>\n<ul>\n<li>Wir planen und organisieren die Veranstaltung nach Ihren W\u00fcnschen<\/li>\n<li>Wir bieten Ihnen die komplette Versorgung mit Essen und Trinken<br \/>\n(kaltes oder warmes Buffett, Kaffee und Kuchen, kleine Snacks u.a.m.)<\/li>\n<li>Auf Wunsch stellen wir Ihnen Ger\u00e4te und Einrichtungen f\u00fcr Pr\u00e4sentationen<br \/>\nund Beschallung zur Verf\u00fcgung<\/li>\n<\/ul>\n<p>Zum Jahresausklang findet j\u00e4hrlich unsere Silvesterveranstaltung statt.<\/p>\n<p>&nbsp;<\/p>\n","protected":false},"excerpt":{"rendered":"<p>In unserem hauseigenen Saal bieten wir Ihnen mit bis zu 100 Pl\u00e4tzen ideale Bedingungen f\u00fcr Feierlichkeiten und Veranstaltungen aller Art. Ob Familienfest, Firmenjubil\u00e4um, Vereinstreffen, Schulungen oder was auch sonst: Wir planen und organisieren die Veranstaltung nach Ihren W\u00fcnschen Wir bieten Ihnen die komplette Versorgung mit Essen und Trinken (kaltes oder warmes Buffett, Kaffee und Kuchen, [&hellip;]<\/p>\n","protected":false},"author":1,"featured_media":0,"parent":8,"menu_order":1,"comment_status":"closed","ping_status":"closed","template":"","meta":{"ngg_post_thumbnail":0,"footnotes":""},"class_list":["post-10","page","type-page","status-publish","hentry"],"rttpg_featured_image_url":null,"rttpg_author":{"display_name":"uborger","author_link":"https:\/\/lisas-welt.net\/?author=1"},"rttpg_comment":0,"rttpg_category":null,"rttpg_excerpt":"In unserem hauseigenen Saal bieten wir Ihnen mit bis zu 100 Pl\u00e4tzen ideale Bedingungen f\u00fcr Feierlichkeiten und Veranstaltungen aller Art. Ob Familienfest, Firmenjubil\u00e4um, Vereinstreffen, Schulungen oder was auch sonst: Wir planen und organisieren die Veranstaltung nach Ihren W\u00fcnschen Wir bieten Ihnen die komplette Versorgung mit Essen und Trinken (kaltes oder warmes Buffett, Kaffee und Kuchen,&hellip;","_links":{"self":[{"href":"https:\/\/lisas-welt.net\/index.php?rest_route=\/wp\/v2\/pages\/10","targetHints":{"allow":["GET"]}}],"collection":[{"href":"https:\/\/lisas-welt.net\/index.php?rest_route=\/wp\/v2\/pages"}],"about":[{"href":"https:\/\/lisas-welt.net\/index.php?rest_route=\/wp\/v2\/types\/page"}],"author":[{"embeddable":true,"href":"https:\/\/lisas-welt.net\/index.php?rest_route=\/wp\/v2\/users\/1"}],"replies":[{"embeddable":true,"href":"https:\/\/lisas-welt.net\/index.php?rest_route=%2Fwp%2Fv2%2Fcomments&post=10"}],"version-history":[{"count":8,"href":"https:\/\/lisas-welt.net\/index.php?rest_route=\/wp\/v2\/pages\/10\/revisions"}],"predecessor-version":[{"id":620,"href":"https:\/\/lisas-welt.net\/index.php?rest_route=\/wp\/v2\/pages\/10\/revisions\/620"}],"up":[{"embeddable":true,"href":"https:\/\/lisas-welt.net\/index.php?rest_route=\/wp\/v2\/pages\/8"}],"wp:attachment":[{"href":"https:\/\/lisas-welt.net\/index.php?rest_route=%2Fwp%2Fv2%2Fmedia&parent=10"}],"curies":[{"name":"wp","href":"https:\/\/api.w.org\/{rel}","templated":true}]}}