{"id":14,"date":"2012-04-09T13:43:27","date_gmt":"2012-04-09T13:43:27","guid":{"rendered":"http:\/\/Server2003:8080\/Lisas_Welt\/Wordpress_01\/?page_id=14"},"modified":"2024-04-14T12:46:39","modified_gmt":"2024-04-14T12:46:39","slug":"gastezimmer","status":"publish","type":"page","link":"https:\/\/lisas-welt.net\/?page_id=14","title":{"rendered":"G\u00e4stezimmer &#038; Preise"},"content":{"rendered":"<p>Zimmerpreise&nbsp; finden Sie hier :<\/p>\n<p>Gern bieten wir Ihnen in unserem Haus auch \u00dcbernachtungen in einem unserer komfortabel und gem\u00fctlich eingerichteten Einzel- oder Doppelzimmer an.<\/p>\n<p>F\u00fcr Anfragen kontaktieren Sie uns bitte info@lisas-welt.net&nbsp; oder \u00fcber den Men\u00fc-Punkt &#8220; Anfragen&#8220;.&nbsp;&nbsp;<\/p>\n<p>F\u00fcr jede Buchung erhalten Sie von uns zeitnah&nbsp; eine Best\u00e4tigung.<\/p>\n<div>Alle Zimmer:<\/div>\n<ul>\n<li>wurden 2012 bzw. 2014&nbsp;neu renoviert<\/li>\n<li>&nbsp;sind Nichtraucherzimmer<\/li>\n<li>verf\u00fcgen \u00fcber SAT-TV und &nbsp;Dusche \/ WC<\/li>\n<li>Aufbettungen sind in einigen Zimmern auf Anfrage m\u00f6glich<\/li>\n<\/ul>\n<p><a href=\"http:\/\/lisas-welt.net\/wp-content\/uploads\/2012\/04\/DSC03861.jpg\"><img loading=\"lazy\" decoding=\"async\" class=\"alignnone size-medium wp-image-624\" src=\"http:\/\/lisas-welt.net\/wp-content\/uploads\/2012\/04\/DSC03861-300x168.jpg\" alt=\"DSC03861\" width=\"300\" height=\"168\" srcset=\"https:\/\/lisas-welt.net\/wp-content\/uploads\/2012\/04\/DSC03861-300x168.jpg 300w, https:\/\/lisas-welt.net\/wp-content\/uploads\/2012\/04\/DSC03861-1024x575.jpg 1024w\" sizes=\"auto, (max-width: 300px) 100vw, 300px\" \/><\/a>&nbsp; <a href=\"http:\/\/lisas-welt.net\/wp-content\/uploads\/2012\/04\/Gaestezimmer_Neu_mit_TV.jpg\"><img loading=\"lazy\" decoding=\"async\" class=\"alignnone wp-image-183\" style=\"width: 175px; height: 167px;\" src=\"http:\/\/lisas-welt.net\/wp-content\/uploads\/2012\/04\/Gaestezimmer_Neu_mit_TV-150x150.jpg\" alt=\"Gaestezimmer_Neu_mit_TV\" width=\"150\" height=\"150\"><\/a><\/p>\n<p><a href=\"http:\/\/lisas-welt.net\/wp-content\/uploads\/2012\/04\/Gaestezimmer_Neu_Kinder.jpg\" rel=\"pretty-photo.img\"><img loading=\"lazy\" decoding=\"async\" class=\"alignnone wp-image-184\" style=\"width: 174px; height: 167px;\" src=\"http:\/\/lisas-welt.net\/wp-content\/uploads\/2012\/04\/Gaestezimmer_Neu_Kinder-150x150.jpg\" alt=\"Gaestezimmer_Neu_Kinder\" width=\"150\" height=\"150\"><\/a>&nbsp; <a href=\"http:\/\/lisas-welt.net\/wp-content\/uploads\/2014\/09\/DSC03858.jpg\"><img loading=\"lazy\" decoding=\"async\" class=\"alignnone size-medium wp-image-622\" src=\"http:\/\/lisas-welt.net\/wp-content\/uploads\/2014\/09\/DSC03858-300x168.jpg\" alt=\"DSC03858 Bild Bett G\u00e4stezimmer\" width=\"300\" height=\"168\" srcset=\"https:\/\/lisas-welt.net\/wp-content\/uploads\/2014\/09\/DSC03858-300x168.jpg 300w, https:\/\/lisas-welt.net\/wp-content\/uploads\/2014\/09\/DSC03858-1024x575.jpg 1024w\" sizes=\"auto, (max-width: 300px) 100vw, 300px\" \/><\/a><\/p>\n<h3>Zimmerpreise<\/h3>\n<p>Die Zimmerrechnung ist in Bar direkt in der Pension bei Abreise&nbsp; zahlbar.<\/p>\n<p><span style=\"color: #ff0000;\"><strong>Eine Zahlung per EC-&nbsp;&nbsp;oder Kreditkarte ist leider nicht m\u00f6glich.<\/strong><\/span><\/p>\n<p><strong><span style=\"color: #0000ff;\">Alle&nbsp; unsere Zimmer sind&nbsp; Nichtraucherzimmer !<\/span><\/strong><\/p>\n<p><span style=\"color: #ff0000;\"><strong>An Ruhetagen ist&nbsp; Abendessen f\u00fcr&nbsp; Hausg\u00e4ste nach&nbsp; Absprache m\u00f6glich.<\/strong><\/span><\/p>\n<p><em>Alle Preise in EURO,&nbsp; g\u00fcltig&nbsp; vom&nbsp; 01.01.2024&nbsp; bis&nbsp; 31.12.2024<\/em><\/p>\n<table style=\"height: 777px; width: 100 %; border-color: currentcolor;\" cellspacing=\"0\">\n<tbody>\n<tr style=\"height: 24px;\">\n<td style=\"height: 24px; width: 99.4979%;\" colspan=\"2\"><strong>Doppelzimmer mit DU\/WC,&nbsp; SAT \u2013 TV, incl. Fr\u00fchst\u00fcck:<\/strong><\/td>\n<\/tr>\n<tr style=\"height: 24px;\">\n<td style=\"height: 24px; width: 79.4979%;\">ab&nbsp; 1 &nbsp;\u00dcbernachtung pro Person\/Nacht:<\/td>\n<td style=\"width: 20%; text-align: right; height: 24px;\">51,00 \u20ac<\/td>\n<\/tr>\n<tr style=\"height: 24px;\">\n<td style=\"height: 24px; width: 79.4979%;\">ab&nbsp; 2 &nbsp;\u00dcbernachtungen pro Person\/Nacht:<\/td>\n<td style=\"text-align: right; height: 24px; width: 20%;\">47,00 \u20ac<\/td>\n<\/tr>\n<tr style=\"height: 24px;\">\n<td style=\"height: 24px; width: 99.4979%;\" colspan=\"2\">.<\/td>\n<\/tr>\n<tr style=\"height: 45px;\">\n<td style=\"height: 45px; width: 99.4979%;\" colspan=\"2\"><strong>Doppelzimmer als Einzelzimmer mit DU\/WC,&nbsp;SAT \u2013 TV, incl. Fr\u00fchst\u00fcck<\/strong><\/td>\n<\/tr>\n<tr style=\"height: 24px;\">\n<td style=\"height: 24px; width: 79.4979%;\">ab&nbsp; 1 &nbsp;\u00dcbernachtung pro Person\/Nacht:<\/td>\n<td style=\"text-align: right; height: 24px; width: 20%;\">80,00 \u20ac<\/td>\n<\/tr>\n<tr style=\"height: 24px;\">\n<td style=\"height: 24px; width: 79.4979%;\">ab&nbsp; 2 \u00dcbernachtungen pro Person\/Nacht:<\/td>\n<td style=\"text-align: right; height: 24px; width: 20%;\">75,00 \u20ac<\/td>\n<\/tr>\n<tr style=\"height: 24px;\">\n<td style=\"height: 24px; width: 99.4979%;\" colspan=\"2\">.<\/td>\n<\/tr>\n<tr style=\"height: 24px;\">\n<td style=\"height: 24px; width: 99.4979%;\" colspan=\"2\"><strong>Einzelzimmer mit DU\/WC, SAT-TV, incl. Fr\u00fchst\u00fcck<\/strong><\/td>\n<\/tr>\n<tr style=\"height: 24px;\">\n<td style=\"height: 24px; width: 79.4979%;\">ab&nbsp; 1 \u00dcbernachtung pro Person\/Nacht:<\/td>\n<td style=\"text-align: right; height: 24px; width: 20%;\">67,00 \u20ac<\/td>\n<\/tr>\n<tr style=\"height: 24px;\">\n<td style=\"height: 24px; width: 79.4979%;\">ab&nbsp; 2 &nbsp;\u00dcbernachtungen pro Person\/Nacht:<\/td>\n<td style=\"text-align: right; height: 24px; width: 20%;\">62,00 \u20ac<\/td>\n<\/tr>\n<tr style=\"height: 24px;\">\n<td style=\"height: 24px; width: 99.4979%;\" colspan=\"2\">.<\/td>\n<\/tr>\n<tr style=\"height: 24px;\">\n<td style=\"height: 24px; width: 79.4979%;\"><strong>Halbpension als&nbsp;3-Gang &#8211;&nbsp;Men\u00fc:<\/strong><\/td>\n<td style=\"text-align: right; height: 24px; width: 20%;\">35,00 \u20ac<\/td>\n<\/tr>\n<tr style=\"height: 24px;\">\n<td style=\"height: 24px; width: 99.4979%;\" colspan=\"2\">.<\/td>\n<\/tr>\n<tr style=\"height: 87px;\">\n<td style=\"height: 87px; width: 101.59%;\" colspan=\"3\">An den <strong>Feiertagswochenenden<\/strong> gilt eine <strong>Mindest\u00fcbernachtung<\/strong> von <strong>zumeist <br>3 N\u00e4chten <\/strong>und an <strong>Wochenenden teilweise 2 \u00dcbernachtungen. <\/strong>&nbsp;Bitte Anfragen. Teilweise sind Anzahlungen f\u00e4llig.<\/td>\n<\/tr>\n<tr style=\"height: 24px;\">\n<td style=\"height: 24px; width: 99.4979%;\" colspan=\"2\">.<\/td>\n<\/tr>\n<tr style=\"height: 24px;\">\n<td style=\"height: 24px; width: 99.4979%;\" colspan=\"2\"><strong>Tourismussteuer der Gemeinde Ehrenberg&nbsp; ( Stand 2024 ):<\/strong><\/td>\n<\/tr>\n<tr style=\"height: 24px;\">\n<td style=\"height: 24px; width: 79.4979%;\">Personen ab 18 Jahre pro Tag:<\/td>\n<td style=\"text-align: right; height: 24px; width: 20%;\">1,00 \u20ac<\/td>\n<\/tr>\n<tr style=\"height: 24px;\">\n<td style=\"height: 24px; width: 79.4979%;\">&nbsp;<\/td>\n<td style=\"text-align: right; height: 24px; width: 20%;\">&nbsp;<\/td>\n<\/tr>\n<tr style=\"height: 24px;\">\n<td style=\"height: 24px; width: 99.4979%;\" colspan=\"2\">&nbsp;<\/td>\n<\/tr>\n<tr style=\"height: 72px;\">\n<td style=\"height: 72px;\">Hunde:<br>nur nach&nbsp;vorheriger <strong>Absprache<\/strong> und <strong>Best\u00e4tigung<br><\/strong> in einigen Zimmern mit eigener Decke \/ K\u00f6rbchen&nbsp; m\u00f6glich.<br>Bei Anreisen mit Hund ohne vorherige Best\u00e4tigung unsererseits k\u00f6nnen wir vom Mietvertrag zur\u00fccktreten.<\/td>\n<td style=\"text-align: right; height: 72px; width: 20%;\">15,00 \u20ac&nbsp; <br>&nbsp;pro Tag <br>ohne &nbsp;Futter<\/td>\n<\/tr>\n<tr style=\"height: 24px;\">\n<td style=\"height: 24px; width: 99.4979%;\" colspan=\"2\">.<\/td>\n<\/tr>\n<tr style=\"height: 45px;\">\n<td style=\"height: 45px; width: 99.4979%;\" colspan=\"2\"><strong>Kindererm\u00e4\u00dfigung&nbsp; bei \u00dcbernachtung im Zimmer der Eltern bei zwei Vollzahlern:<\/strong><\/td>\n<\/tr>\n<tr style=\"height: 24px;\">\n<td style=\"height: 24px; width: 79.4979%;\">Kinder bis 2 Jahre im Bett der Eltern:<\/td>\n<td style=\"text-align: right; height: 24px; width: 20%;\">38 \u20ac\/Tag<\/td>\n<\/tr>\n<tr style=\"height: 24px;\">\n<td style=\"height: 24px; width: 79.4979%;\">Kinder 3 bis 7 Jahre:<\/td>\n<td style=\"text-align: right; height: 24px; width: 20%;\">34 \u20ac\/Tag<\/td>\n<\/tr>\n<tr style=\"height: 24px;\">\n<td style=\"height: 24px; width: 79.4979%;\">&nbsp;<\/td>\n<td style=\"text-align: right; height: 24px; width: 20%;\">&nbsp;<\/td>\n<\/tr>\n<\/tbody>\n<\/table>\n<p style=\"text-align: center;\">Die Zimmerrechnung ist in Bar direkt in der Pension bei Abreise&nbsp; zahlbar.<\/p>\n<p style=\"text-align: center;\"><span style=\"color: #ff0000;\"><strong>Eine Zahlung per EC-&nbsp;&nbsp;oder Kreditkarte ist leider nicht m\u00f6glich.<\/strong><\/span><\/p>\n<p style=\"text-align: center;\"><em>Alle Preise in EURO,&nbsp; g\u00fcltig&nbsp; vom 01.01.2024&nbsp; bis 31.12.2024&nbsp;<\/em><\/p>\n\n\n<p><\/p>\n","protected":false},"excerpt":{"rendered":"<p>Zimmerpreise&nbsp; finden Sie hier : Gern bieten wir Ihnen in unserem Haus auch \u00dcbernachtungen in einem unserer komfortabel und gem\u00fctlich eingerichteten Einzel- oder Doppelzimmer an. F\u00fcr Anfragen kontaktieren Sie uns bitte info@lisas-welt.net&nbsp; oder \u00fcber den Men\u00fc-Punkt &#8220; Anfragen&#8220;.&nbsp;&nbsp; F\u00fcr jede Buchung erhalten Sie von uns zeitnah&nbsp; eine Best\u00e4tigung. Alle Zimmer: wurden 2012 bzw. 2014&nbsp;neu renoviert [&hellip;]<\/p>\n","protected":false},"author":1,"featured_media":0,"parent":6,"menu_order":2,"comment_status":"closed","ping_status":"open","template":"","meta":{"ngg_post_thumbnail":0,"footnotes":""},"class_list":["post-14","page","type-page","status-publish","hentry"],"rttpg_featured_image_url":null,"rttpg_author":{"display_name":"uborger","author_link":"https:\/\/lisas-welt.net\/?author=1"},"rttpg_comment":0,"rttpg_category":null,"rttpg_excerpt":"Zimmerpreise&nbsp; finden Sie hier : Gern bieten wir Ihnen in unserem Haus auch \u00dcbernachtungen in einem unserer komfortabel und gem\u00fctlich eingerichteten Einzel- oder Doppelzimmer an. F\u00fcr Anfragen kontaktieren Sie uns bitte info@lisas-welt.net&nbsp; oder \u00fcber den Men\u00fc-Punkt &#8220; Anfragen&#8220;.&nbsp;&nbsp; F\u00fcr jede Buchung erhalten Sie von uns zeitnah&nbsp; eine Best\u00e4tigung. Alle Zimmer: wurden 2012 bzw. 2014&nbsp;neu renoviert&hellip;","_links":{"self":[{"href":"https:\/\/lisas-welt.net\/index.php?rest_route=\/wp\/v2\/pages\/14","targetHints":{"allow":["GET"]}}],"collection":[{"href":"https:\/\/lisas-welt.net\/index.php?rest_route=\/wp\/v2\/pages"}],"about":[{"href":"https:\/\/lisas-welt.net\/index.php?rest_route=\/wp\/v2\/types\/page"}],"author":[{"embeddable":true,"href":"https:\/\/lisas-welt.net\/index.php?rest_route=\/wp\/v2\/users\/1"}],"replies":[{"embeddable":true,"href":"https:\/\/lisas-welt.net\/index.php?rest_route=%2Fwp%2Fv2%2Fcomments&post=14"}],"version-history":[{"count":92,"href":"https:\/\/lisas-welt.net\/index.php?rest_route=\/wp\/v2\/pages\/14\/revisions"}],"predecessor-version":[{"id":2072,"href":"https:\/\/lisas-welt.net\/index.php?rest_route=\/wp\/v2\/pages\/14\/revisions\/2072"}],"up":[{"embeddable":true,"href":"https:\/\/lisas-welt.net\/index.php?rest_route=\/wp\/v2\/pages\/6"}],"wp:attachment":[{"href":"https:\/\/lisas-welt.net\/index.php?rest_route=%2Fwp%2Fv2%2Fmedia&parent=14"}],"curies":[{"name":"wp","href":"https:\/\/api.w.org\/{rel}","templated":true}]}}