{"id":30,"date":"2012-04-09T18:02:50","date_gmt":"2012-04-09T16:02:50","guid":{"rendered":"http:\/\/Server2003:8080\/Lisas_Welt\/Wordpress_01\/?page_id=30"},"modified":"2019-02-06T07:31:24","modified_gmt":"2019-02-06T07:31:24","slug":"saal","status":"publish","type":"page","link":"https:\/\/lisas-welt.net\/?page_id=30","title":{"rendered":"Saal"},"content":{"rendered":"<p>Ob Familienfest, Weihnachtsfeier, Vereinstreffen oder Tagung.<br \/>\nIn unserem hauseigenen Saal bieten wir mit bis zu 100 Pl\u00e4tzen ideale Bedingungen f\u00fcr Ihre Feierlichkeiten und Veranstaltungen.<\/p>\n<p>Unsere Leistungen reichen von der kompletten Versorgung mit Speisen und Getr\u00e4nken bis zur Bereitstellung von Pr\u00e4sentations- und Beschallungstechnik.<\/p>\n<p>Zu verschiedenen Anl\u00e4ssen, wie 1. Mai, Fasching, Oktoberfest oder Silvester organisieren wir Veranstaltungen in unserem Saal. Regionale Musiker spielen monatlich zu einem Volkst\u00fcmlichen Liederabend.<\/p>\n<p><a title=\"Gedeckte Tafel im Saal_01\" href=\"\/wp-content\/uploads\/2012\/04\/Gedeckte-Tafel-im-Saal_01.jpg\" rel=\"prettyPhoto-img\"><img loading=\"lazy\" decoding=\"async\" width=\"242\" height=\"182\" title=\"Gedeckte Tafel im Saal_01\" class=\"alignnone size-full wp-image-180\" alt=\"\" src=\"\/wp-content\/uploads\/2012\/04\/Gedeckte-Tafel-im-Saal_01.jpg\" srcset=\"https:\/\/lisas-welt.net\/wp-content\/uploads\/2012\/04\/Gedeckte-Tafel-im-Saal_01.jpg 567w, https:\/\/lisas-welt.net\/wp-content\/uploads\/2012\/04\/Gedeckte-Tafel-im-Saal_01-300x224.jpg 300w\" sizes=\"auto, (max-width: 242px) 100vw, 242px\" \/><\/a>&nbsp; <a title=\"Gedeckte Tafel im Saal_02\" href=\"\/wp-content\/uploads\/2012\/04\/Gedeckte-Tafel-im-Saal_02.jpg\" rel=\"prettyPhoto-img\"><img loading=\"lazy\" decoding=\"async\" width=\"242\" height=\"182\" title=\"Gedeckte Tafel im Saal_02\" class=\"alignnone size-full wp-image-181\" alt=\"\" src=\"\/wp-content\/uploads\/2012\/04\/Gedeckte-Tafel-im-Saal_02.jpg\" srcset=\"https:\/\/lisas-welt.net\/wp-content\/uploads\/2012\/04\/Gedeckte-Tafel-im-Saal_02.jpg 567w, https:\/\/lisas-welt.net\/wp-content\/uploads\/2012\/04\/Gedeckte-Tafel-im-Saal_02-300x224.jpg 300w\" sizes=\"auto, (max-width: 242px) 100vw, 242px\" \/><\/a><\/p>\n<p>Bitte \u00fcbermitteln Sie uns Ihre Anfragen bzw. Reservierungen &nbsp;<\/p>\n<ul>\n<li>telefonisch ( <strong>06683 250<\/strong> )<\/li>\n<li>per E-Mail ( <a href=\"mailto:info@lisas-welt.net\"><strong>info@lisas-welt.net<\/strong><\/a> ) oder<\/li>\n<li>\u00fcber unser Kontaktformular ( <a href=\"http:\/\/lisas-welt.net\/?page_id=156\"><strong>Bitte hier klicken!<\/strong><\/a> )&nbsp;<\/li>\n<\/ul>\n","protected":false},"excerpt":{"rendered":"<p>Ob Familienfest, Weihnachtsfeier, Vereinstreffen oder Tagung. In unserem hauseigenen Saal bieten wir mit bis zu 100 Pl\u00e4tzen ideale Bedingungen f\u00fcr Ihre Feierlichkeiten und Veranstaltungen. Unsere Leistungen reichen von der kompletten Versorgung mit Speisen und Getr\u00e4nken bis zur Bereitstellung von Pr\u00e4sentations- und Beschallungstechnik. Zu verschiedenen Anl\u00e4ssen, wie 1. Mai, Fasching, Oktoberfest oder Silvester organisieren wir Veranstaltungen [&hellip;]<\/p>\n","protected":false},"author":1,"featured_media":0,"parent":6,"menu_order":1,"comment_status":"closed","ping_status":"open","template":"","meta":{"ngg_post_thumbnail":0,"footnotes":""},"class_list":["post-30","page","type-page","status-publish","hentry"],"rttpg_featured_image_url":null,"rttpg_author":{"display_name":"uborger","author_link":"https:\/\/lisas-welt.net\/?author=1"},"rttpg_comment":0,"rttpg_category":null,"rttpg_excerpt":"Ob Familienfest, Weihnachtsfeier, Vereinstreffen oder Tagung. In unserem hauseigenen Saal bieten wir mit bis zu 100 Pl\u00e4tzen ideale Bedingungen f\u00fcr Ihre Feierlichkeiten und Veranstaltungen. Unsere Leistungen reichen von der kompletten Versorgung mit Speisen und Getr\u00e4nken bis zur Bereitstellung von Pr\u00e4sentations- und Beschallungstechnik. Zu verschiedenen Anl\u00e4ssen, wie 1. Mai, Fasching, Oktoberfest oder Silvester organisieren wir Veranstaltungen&hellip;","_links":{"self":[{"href":"https:\/\/lisas-welt.net\/index.php?rest_route=\/wp\/v2\/pages\/30","targetHints":{"allow":["GET"]}}],"collection":[{"href":"https:\/\/lisas-welt.net\/index.php?rest_route=\/wp\/v2\/pages"}],"about":[{"href":"https:\/\/lisas-welt.net\/index.php?rest_route=\/wp\/v2\/types\/page"}],"author":[{"embeddable":true,"href":"https:\/\/lisas-welt.net\/index.php?rest_route=\/wp\/v2\/users\/1"}],"replies":[{"embeddable":true,"href":"https:\/\/lisas-welt.net\/index.php?rest_route=%2Fwp%2Fv2%2Fcomments&post=30"}],"version-history":[{"count":7,"href":"https:\/\/lisas-welt.net\/index.php?rest_route=\/wp\/v2\/pages\/30\/revisions"}],"predecessor-version":[{"id":1323,"href":"https:\/\/lisas-welt.net\/index.php?rest_route=\/wp\/v2\/pages\/30\/revisions\/1323"}],"up":[{"embeddable":true,"href":"https:\/\/lisas-welt.net\/index.php?rest_route=\/wp\/v2\/pages\/6"}],"wp:attachment":[{"href":"https:\/\/lisas-welt.net\/index.php?rest_route=%2Fwp%2Fv2%2Fmedia&parent=30"}],"curies":[{"name":"wp","href":"https:\/\/api.w.org\/{rel}","templated":true}]}}