{"id":42,"date":"2012-04-09T18:07:33","date_gmt":"2012-04-09T18:07:33","guid":{"rendered":"http:\/\/Server2003:8080\/Lisas_Welt\/Wordpress_01\/?page_id=42"},"modified":"2022-02-14T07:26:16","modified_gmt":"2022-02-14T07:26:16","slug":"aktive-erholung","status":"publish","type":"page","link":"https:\/\/lisas-welt.net\/?page_id=42","title":{"rendered":"Aktive Erholung"},"content":{"rendered":"<p>Im Luftkurort W\u00fcstensachsen und der n\u00e4heren Umgebung finden Sie verschiedene<br \/>\nM\u00f6glichkeiten, um sich zu bet\u00e4tigen und fit zu halten.<em><em><br \/>\n<\/em><\/em><\/p>\n<ul>\n<li>Nur ca. 10 Minuten Fu\u00dfweg von unserem Haus entfernt finden Sie ein belebendes und bei Einheimischen sowie G\u00e4sten beliebtes Kneipp &#8211; Wassertrettbecken.<\/li>\n<li>Das Sommerschwimmbad der Gemeinde W\u00fcstensachsen befindet sich\u00a0nur 650 m\u00a0von uns entfernt und ist leicht\u00a0zu Fu\u00df oder\u00a0mit dem Fahrzeug erreichbar.<\/li>\n<li>Im 9 km entfernten Hilders finden Sie ein ganzj\u00e4hrig ge\u00f6ffnetes Hallen- und Freibad mit Sauna.<\/li>\n<li>Auf der Wasserkuppe (ca. 7 km Entfernung) finden Sie unter anderem eine Sommerrodelbahn oder auch M\u00f6glichkeiten zum Gleitschirmfliegen.<\/li>\n<\/ul>\n<p><a href=\"\/wp-content\/uploads\/2012\/04\/AktiveErholung_01.jpg\"><img loading=\"lazy\" decoding=\"async\" class=\"alignnone size-full wp-image-201\" title=\"AktiveErholung_01\" src=\"\/wp-content\/uploads\/2012\/04\/AktiveErholung_01.jpg\" alt=\"\" width=\"242\" height=\"182\" srcset=\"https:\/\/lisas-welt.net\/wp-content\/uploads\/2012\/04\/AktiveErholung_01.jpg 734w, https:\/\/lisas-welt.net\/wp-content\/uploads\/2012\/04\/AktiveErholung_01-300x225.jpg 300w\" sizes=\"auto, (max-width: 242px) 100vw, 242px\" \/><\/a>\u00a0 <a href=\"\/wp-content\/uploads\/2012\/04\/AktiveErholung_02.jpg\"><img loading=\"lazy\" decoding=\"async\" class=\"alignnone size-full wp-image-202\" title=\"AktiveErholung_02\" src=\"\/wp-content\/uploads\/2012\/04\/AktiveErholung_02.jpg\" alt=\"\" width=\"242\" height=\"182\" srcset=\"https:\/\/lisas-welt.net\/wp-content\/uploads\/2012\/04\/AktiveErholung_02.jpg 717w, https:\/\/lisas-welt.net\/wp-content\/uploads\/2012\/04\/AktiveErholung_02-300x225.jpg 300w\" sizes=\"auto, (max-width: 242px) 100vw, 242px\" \/><\/a><\/p>\n<p>&nbsp;<\/p>\n","protected":false},"excerpt":{"rendered":"<p>Im Luftkurort W\u00fcstensachsen und der n\u00e4heren Umgebung finden Sie verschiedene M\u00f6glichkeiten, um sich zu bet\u00e4tigen und fit zu halten. Nur ca. 10 Minuten Fu\u00dfweg von unserem Haus entfernt finden Sie ein belebendes und bei Einheimischen sowie G\u00e4sten beliebtes Kneipp &#8211; Wassertrettbecken. Das Sommerschwimmbad der Gemeinde W\u00fcstensachsen befindet sich\u00a0nur 650 m\u00a0von uns entfernt und ist leicht\u00a0zu [&hellip;]<\/p>\n","protected":false},"author":1,"featured_media":0,"parent":19,"menu_order":35,"comment_status":"closed","ping_status":"closed","template":"","meta":{"ngg_post_thumbnail":0,"footnotes":""},"class_list":["post-42","page","type-page","status-publish","hentry"],"rttpg_featured_image_url":null,"rttpg_author":{"display_name":"uborger","author_link":"https:\/\/lisas-welt.net\/?author=1"},"rttpg_comment":0,"rttpg_category":null,"rttpg_excerpt":"Im Luftkurort W\u00fcstensachsen und der n\u00e4heren Umgebung finden Sie verschiedene M\u00f6glichkeiten, um sich zu bet\u00e4tigen und fit zu halten. Nur ca. 10 Minuten Fu\u00dfweg von unserem Haus entfernt finden Sie ein belebendes und bei Einheimischen sowie G\u00e4sten beliebtes Kneipp &#8211; Wassertrettbecken. Das Sommerschwimmbad der Gemeinde W\u00fcstensachsen befindet sich\u00a0nur 650 m\u00a0von uns entfernt und ist leicht\u00a0zu&hellip;","_links":{"self":[{"href":"https:\/\/lisas-welt.net\/index.php?rest_route=\/wp\/v2\/pages\/42","targetHints":{"allow":["GET"]}}],"collection":[{"href":"https:\/\/lisas-welt.net\/index.php?rest_route=\/wp\/v2\/pages"}],"about":[{"href":"https:\/\/lisas-welt.net\/index.php?rest_route=\/wp\/v2\/types\/page"}],"author":[{"embeddable":true,"href":"https:\/\/lisas-welt.net\/index.php?rest_route=\/wp\/v2\/users\/1"}],"replies":[{"embeddable":true,"href":"https:\/\/lisas-welt.net\/index.php?rest_route=%2Fwp%2Fv2%2Fcomments&post=42"}],"version-history":[{"count":7,"href":"https:\/\/lisas-welt.net\/index.php?rest_route=\/wp\/v2\/pages\/42\/revisions"}],"predecessor-version":[{"id":349,"href":"https:\/\/lisas-welt.net\/index.php?rest_route=\/wp\/v2\/pages\/42\/revisions\/349"}],"up":[{"embeddable":true,"href":"https:\/\/lisas-welt.net\/index.php?rest_route=\/wp\/v2\/pages\/19"}],"wp:attachment":[{"href":"https:\/\/lisas-welt.net\/index.php?rest_route=%2Fwp%2Fv2%2Fmedia&parent=42"}],"curies":[{"name":"wp","href":"https:\/\/api.w.org\/{rel}","templated":true}]}}