{"id":863,"date":"2015-12-31T09:49:50","date_gmt":"2015-12-31T09:49:50","guid":{"rendered":"http:\/\/lisas-welt.net\/?page_id=863"},"modified":"2024-02-07T18:52:26","modified_gmt":"2024-02-07T18:52:26","slug":"pauschalangebote-2016","status":"publish","type":"page","link":"https:\/\/lisas-welt.net\/?page_id=863","title":{"rendered":"Pauschalangebot  Lisas Rh\u00f6n 2024"},"content":{"rendered":"<h4>Leistungen Pauschalangebot Lisas Rh\u00f6n&nbsp; 2024 :<\/h4>\n<ul>\n<li>2 x \u00dcbernachtung in Zimmern&nbsp; mit WC\/DU und SAT-TV<\/li>\n<li>2 x leckeres&nbsp; Fr\u00fchst\u00fcck<\/li>\n<li>2 x Halbpension als 3 \u2013 Gang- Men\u00fc<\/li>\n<li>2 x Tischgetr\u00e4nke&nbsp;( Details s. u. ) von jeweils 18.00 &#8211; 21.00 Uhr<\/li>\n<li>Wander- und Erlebnisberatung f\u00fcr Ihre Zeit in der Rh\u00f6n&nbsp;<\/li>\n<\/ul>\n<p><strong>Tischgetr\u00e4nke inclusive:<\/strong>&nbsp; Fa\u00dfbiere, Weizen, offene Weine, Mineralwasser, Cola ,Fanta, Schorle, Kaffee, Tee<\/p>\n<p>&nbsp;<strong>Preise:<\/strong><\/p>\n<p>Pro Person im DZ&nbsp; =&nbsp; <strong>189,00 \u20ac<\/strong>&nbsp; (Verl.tag m. HP und Tischgetr\u00e4nke:&nbsp; <strong>&nbsp;85,00 \u20ac )<\/strong><br \/>\nPro Person im EZ&nbsp; =&nbsp; <strong>199<\/strong><strong>,00 \u20ac<\/strong>&nbsp; (Verl.tag m. HP und Tischgetr\u00e4nke :&nbsp; <strong>&nbsp;89,00 \u20ac )<\/strong><\/p>\n<p>Erm\u00e4\u00dfigung&nbsp; f\u00fcr Kinder von 3 bis 12 Jahren bei 2 Vollzahlern&nbsp;<\/p>\n<p>bei Aufbettung im DZ&nbsp; :&nbsp; &nbsp;&#8211; 25 %<\/p>\n<p>zuz\u00fcglich \u00dcbernachtungssteuer der Gemeinde&nbsp; Ehrenberg&nbsp; von 1 \u20ac pro Tag f\u00fcr Personen ab 18 Jahre.<\/p>\n<p><em>Das Angebot ist buchbar je nach Verf\u00fcgbarkeit,&nbsp; von Montag&nbsp; bis Sonntag.&nbsp; Nicht buchbar an Wochenenden mit Br\u00fccken &#8211; und Feiertagen, Weihnachten und Silvester.<\/em><\/p>\n<p>Preise&nbsp; g\u00fcltig bis 31.12.2024.<\/p>\n","protected":false},"excerpt":{"rendered":"<p>Leistungen Pauschalangebot Lisas Rh\u00f6n&nbsp; 2024 : 2 x \u00dcbernachtung in Zimmern&nbsp; mit WC\/DU und SAT-TV 2 x leckeres&nbsp; Fr\u00fchst\u00fcck 2 x Halbpension als 3 \u2013 Gang- Men\u00fc 2 x Tischgetr\u00e4nke&nbsp;( Details s. u. ) von jeweils 18.00 &#8211; 21.00 Uhr Wander- und Erlebnisberatung f\u00fcr Ihre Zeit in der Rh\u00f6n&nbsp; Tischgetr\u00e4nke inclusive:&nbsp; Fa\u00dfbiere, Weizen, offene Weine, [&hellip;]<\/p>\n","protected":false},"author":1,"featured_media":0,"parent":19,"menu_order":0,"comment_status":"closed","ping_status":"closed","template":"","meta":{"ngg_post_thumbnail":0,"footnotes":""},"class_list":["post-863","page","type-page","status-publish","hentry"],"rttpg_featured_image_url":null,"rttpg_author":{"display_name":"uborger","author_link":"https:\/\/lisas-welt.net\/?author=1"},"rttpg_comment":0,"rttpg_category":null,"rttpg_excerpt":"Leistungen Pauschalangebot Lisas Rh\u00f6n&nbsp; 2024 : 2 x \u00dcbernachtung in Zimmern&nbsp; mit WC\/DU und SAT-TV 2 x leckeres&nbsp; Fr\u00fchst\u00fcck 2 x Halbpension als 3 \u2013 Gang- Men\u00fc 2 x Tischgetr\u00e4nke&nbsp;( Details s. u. ) von jeweils 18.00 &#8211; 21.00 Uhr Wander- und Erlebnisberatung f\u00fcr Ihre Zeit in der Rh\u00f6n&nbsp; Tischgetr\u00e4nke inclusive:&nbsp; Fa\u00dfbiere, Weizen, offene Weine,&hellip;","_links":{"self":[{"href":"https:\/\/lisas-welt.net\/index.php?rest_route=\/wp\/v2\/pages\/863","targetHints":{"allow":["GET"]}}],"collection":[{"href":"https:\/\/lisas-welt.net\/index.php?rest_route=\/wp\/v2\/pages"}],"about":[{"href":"https:\/\/lisas-welt.net\/index.php?rest_route=\/wp\/v2\/types\/page"}],"author":[{"embeddable":true,"href":"https:\/\/lisas-welt.net\/index.php?rest_route=\/wp\/v2\/users\/1"}],"replies":[{"embeddable":true,"href":"https:\/\/lisas-welt.net\/index.php?rest_route=%2Fwp%2Fv2%2Fcomments&post=863"}],"version-history":[{"count":28,"href":"https:\/\/lisas-welt.net\/index.php?rest_route=\/wp\/v2\/pages\/863\/revisions"}],"predecessor-version":[{"id":1995,"href":"https:\/\/lisas-welt.net\/index.php?rest_route=\/wp\/v2\/pages\/863\/revisions\/1995"}],"up":[{"embeddable":true,"href":"https:\/\/lisas-welt.net\/index.php?rest_route=\/wp\/v2\/pages\/19"}],"wp:attachment":[{"href":"https:\/\/lisas-welt.net\/index.php?rest_route=%2Fwp%2Fv2%2Fmedia&parent=863"}],"curies":[{"name":"wp","href":"https:\/\/api.w.org\/{rel}","templated":true}]}}